{"id":18,"date":"2016-11-10T21:09:38","date_gmt":"2016-11-10T21:09:38","guid":{"rendered":"https:\/\/www.tuomarinkylanratsastajat.fi\/tkr\/?page_id=18"},"modified":"2019-05-19T22:00:41","modified_gmt":"2019-05-19T20:00:41","slug":"kilpailut","status":"publish","type":"page","link":"https:\/\/www.tuomarinkylanratsastajat.fi\/tkr\/kilpailut\/","title":{"rendered":"Kilpailut"},"content":{"rendered":"<figure id=\"attachment_408\" aria-describedby=\"caption-attachment-408\" style=\"width: 150px\" class=\"wp-caption alignleft\"><a href=\"https:\/\/www.tuomarinkylanratsastajat.fi\/tkr\/category\/kilpailut\/kilpailukutsut\/\"><img loading=\"lazy\" decoding=\"async\" class=\"wp-image-408 size-thumbnail\" src=\"https:\/\/www.tuomarinkylanratsastajat.fi\/tkr\/wp-content\/uploads\/2016\/12\/Kilpailukutsu-150x150.jpg\" width=\"150\" height=\"150\" \/><\/a><figcaption id=\"caption-attachment-408\" class=\"wp-caption-text\"><a href=\"https:\/\/www.tuomarinkylanratsastajat.fi\/tkr\/category\/kilpailut\/kilpailukutsut\/\">Kilpailukutsut<\/a><\/figcaption><\/figure>\n<figure id=\"attachment_397\" aria-describedby=\"caption-attachment-397\" style=\"width: 150px\" class=\"wp-caption alignleft\"><a href=\"https:\/\/www.tuomarinkylanratsastajat.fi\/tkr\/category\/kilpailut\/tulokset\/\"><img loading=\"lazy\" decoding=\"async\" class=\"wp-image-397 size-thumbnail\" src=\"https:\/\/www.tuomarinkylanratsastajat.fi\/tkr\/wp-content\/uploads\/2016\/12\/Tulokset-150x150.jpg\" width=\"150\" height=\"150\" \/><\/a><figcaption id=\"caption-attachment-397\" class=\"wp-caption-text\"><a href=\"https:\/\/www.tuomarinkylanratsastajat.fi\/tkr\/category\/kilpailut\/tulokset\/\">Tulokset<\/a><\/figcaption><\/figure>\n<figure id=\"attachment_403\" aria-describedby=\"caption-attachment-403\" style=\"width: 150px\" class=\"wp-caption alignleft\"><a href=\"https:\/\/www.tuomarinkylanratsastajat.fi\/tkr\/category\/kilpailut\/lahtolistat\/\"><img loading=\"lazy\" decoding=\"async\" class=\"wp-image-403 size-full\" src=\"https:\/\/www.tuomarinkylanratsastajat.fi\/tkr\/wp-content\/uploads\/2016\/12\/Lahtolista3.jpg\" width=\"150\" height=\"150\" srcset=\"https:\/\/www.tuomarinkylanratsastajat.fi\/tkr\/wp-content\/uploads\/2016\/12\/Lahtolista3.jpg 150w, https:\/\/www.tuomarinkylanratsastajat.fi\/tkr\/wp-content\/uploads\/2016\/12\/Lahtolista3-100x100.jpg 100w\" sizes=\"auto, (max-width: 150px) 100vw, 150px\" \/><\/a><figcaption id=\"caption-attachment-403\" class=\"wp-caption-text\"><a href=\"https:\/\/www.tuomarinkylanratsastajat.fi\/tkr\/category\/kilpailut\/lahtolistat\/\">L\u00e4ht\u00f6listat<\/a><\/figcaption><\/figure>\n<figure id=\"attachment_405\" aria-describedby=\"caption-attachment-405\" style=\"width: 150px\" class=\"wp-caption alignleft\"><a href=\"https:\/\/www.tuomarinkylanratsastajat.fi\/tkr\/category\/kilpailut\/tyotehtavat\/\"><img loading=\"lazy\" decoding=\"async\" class=\"wp-image-405 size-full\" src=\"https:\/\/www.tuomarinkylanratsastajat.fi\/tkr\/wp-content\/uploads\/2016\/12\/Tyotehtavat.jpg\" width=\"150\" height=\"150\" srcset=\"https:\/\/www.tuomarinkylanratsastajat.fi\/tkr\/wp-content\/uploads\/2016\/12\/Tyotehtavat.jpg 150w, https:\/\/www.tuomarinkylanratsastajat.fi\/tkr\/wp-content\/uploads\/2016\/12\/Tyotehtavat-100x100.jpg 100w\" sizes=\"auto, (max-width: 150px) 100vw, 150px\" \/><\/a><figcaption id=\"caption-attachment-405\" class=\"wp-caption-text\"><a href=\"https:\/\/www.tuomarinkylanratsastajat.fi\/tkr\/category\/kilpailut\/tyotehtavat\/\">Ty\u00f6teht\u00e4v\u00e4t<\/a><\/figcaption><\/figure>\n<figure id=\"attachment_405\" aria-describedby=\"caption-attachment-405\" style=\"width: 150px\" class=\"wp-caption alignleft\"><a href=\"https:\/\/www.tuomarinkylanratsastajat.fi\/tkr\/category\/kilpailut\/tyotehtavat\/\"><img loading=\"lazy\" decoding=\"async\" class=\"wp-image-405 size-full\" src=\"https:\/\/www.tuomarinkylanratsastajat.fi\/tkr\/wp-content\/uploads\/2016\/12\/Tyotehtavat.jpg\" width=\"150\" height=\"150\" srcset=\"https:\/\/www.tuomarinkylanratsastajat.fi\/tkr\/wp-content\/uploads\/2016\/12\/Tyotehtavat.jpg 150w, https:\/\/www.tuomarinkylanratsastajat.fi\/tkr\/wp-content\/uploads\/2016\/12\/Tyotehtavat-100x100.jpg 100w\" sizes=\"auto, (max-width: 150px) 100vw, 150px\" \/><\/a><figcaption id=\"caption-attachment-405\" class=\"wp-caption-text\"><a href=\"https:\/\/www.tuomarinkylanratsastajat.fi\/tkr\/kilpailut\/kilpailuun-osallistuvien-henkilotietojen-kasittely-tuomarinkylan-ratsastajat-ry-domarby-ryttare-ry-jarjestamissa-kilpailuissa\/\">Henkil\u00f6tietojen k\u00e4sittely kilpailuissa<\/a><\/figcaption><\/figure>\n","protected":false},"excerpt":{"rendered":"","protected":false},"author":1,"featured_media":0,"parent":0,"menu_order":0,"comment_status":"closed","ping_status":"closed","template":"","meta":{"footnotes":""},"class_list":["post-18","page","type-page","status-publish","hentry"],"_links":{"self":[{"href":"https:\/\/www.tuomarinkylanratsastajat.fi\/tkr\/wp-json\/wp\/v2\/pages\/18","targetHints":{"allow":["GET"]}}],"collection":[{"href":"https:\/\/www.tuomarinkylanratsastajat.fi\/tkr\/wp-json\/wp\/v2\/pages"}],"about":[{"href":"https:\/\/www.tuomarinkylanratsastajat.fi\/tkr\/wp-json\/wp\/v2\/types\/page"}],"author":[{"embeddable":true,"href":"https:\/\/www.tuomarinkylanratsastajat.fi\/tkr\/wp-json\/wp\/v2\/users\/1"}],"replies":[{"embeddable":true,"href":"https:\/\/www.tuomarinkylanratsastajat.fi\/tkr\/wp-json\/wp\/v2\/comments?post=18"}],"version-history":[{"count":36,"href":"https:\/\/www.tuomarinkylanratsastajat.fi\/tkr\/wp-json\/wp\/v2\/pages\/18\/revisions"}],"predecessor-version":[{"id":1847,"href":"https:\/\/www.tuomarinkylanratsastajat.fi\/tkr\/wp-json\/wp\/v2\/pages\/18\/revisions\/1847"}],"wp:attachment":[{"href":"https:\/\/www.tuomarinkylanratsastajat.fi\/tkr\/wp-json\/wp\/v2\/media?parent=18"}],"curies":[{"name":"wp","href":"https:\/\/api.w.org\/{rel}","templated":true}]}}